ose 0 = 16*p - 44*p. Suppose p = 33*g - 10*g - 10833. What is the units digit of g?
1
Suppose -7*s + 5*s + 5*k = -49095, 4*k = -20. What is the units digit of s?
5
Let f = -937 + 943. Let h(k) = -k**2 - 6*k + 6. Let m be h(-7). What is the units digit of 2*m*(f - (-1245)/(-10))?
7
Suppose k - b = 6*k - 11008, -5*k + 2*b = -10999. Suppose -5*p = -18*w + 17*w + 461, -k = -5*w - p. What is the hundreds digit of w?
4
Suppose 3*v + 3*a + 0*a - 9 = 0, -v = -2*a. Suppose 0 = 2*m + 8, -j + v = m + 6. Suppose j*p - p + 109 = 0. What is the units digit of p?
9
Let h = 340 - 344. What is the units digit of -3 - (-685 + h - -2)?
4
Suppose 96 + 24 = -20*v. Let j(h) = -150*h + 194. What is the thousands digit of j(v)?
1
Let d(f) = -17*f**3 + 690*f**2 - 89*f + 35. What is the hundreds digit of d(40)?
4
Let z = -1409 + 2936. Suppose -6*o = -z - 183. What is the tens digit of o?
8
Let v(s) = 78*s**3 - 2*s**2 + 7*s - 10. Let w be v(2). Suppose 5*r - 773 = -3*g, r - 2*g + w = 5*r. What is the hundreds digit of r?
1
Suppose -8*w - 32 = -0*w. Let j(s) = 3*s + 15. Let h be j(w). Suppose t - h*g = 10, -3 = -2*g - g. What is the tens digit of t?
1
Let n(g) = 2*g**2 + 31*g - 14. Let j be n(-16). Suppose j*k = -2*x + 798, 3*x - 1990 = -2*x - 4*k. What is the hundreds digit of x?
3
Suppose -5*c = 351*w - 346*w - 112750, 0 = 5*c - 3*w - 112742. What is the ten thousands digit of c?
2
Let u be (3573/18 + 2)*2. Let j be 1 + 3/((-3)/274). Let o = j + u. What is the hundreds digit of o?
1
Suppose 175 + 155 = 3*w. Let i = -185 + w. Let d = 83 + i. What is the units digit of d?
8
Let s(j) = 19*j**2 + 7*j - 16. Let y be s(7). Suppose 969*r - y*r = 3265. What is the tens digit of r?
5
Suppose 18 = 2*z - 4*p - 6, 5*p = 4*z - 39. Suppose -4*t + z = -6. Suppose -t*k = -7*k + 168. What is the units digit of k?
2
Let l(y) = y**2 - 2*y - 4. Let s be l(5). Suppose -s*f + 90 = -5*f. Suppose 167 = f*o - 958. What is the units digit of o?
5
Let i(v) = -2*v**2 + 22*v - 58. Let g be i(7). What is the hundreds digit of (-2)/(((-20)/(-22520))/(g/8))?
5
Suppose -y + 9 = -4. Let m(j) = j**3 - 11*j**2 - 14*j - 27. Let w be m(y). Let t = -20 + w. What is the units digit of t?
9
Suppose -5*o + 71815 = 5*n, -43121 = -3*o + n + 4*n. What is the units digit of o?
7
Let b(o) = 84*o + 831. What is the hundreds digit of b(20)?
5
Suppose 5 - 10 = -5*h. Let q be 8/36 + (104/18 - h). Suppose 2*a - 4*m = 5*a - 93, 0 = -5*a + q*m + 190. What is the units digit of a?
5
Suppose 26*c + 95459 = 39*c. What is the thousands digit of c?
7
Let x(c) = 27*c - 207. Let b be x(8). What is the units digit of 176273/153 - 1/b?
2
Suppose 49 - 64 = -3*c. Suppose 10 = -5*l, -c*a + l = 4*l + 6. Suppose 122 = 2*z - a*z + 4*r, -3*z + 4*r = -173. What is the units digit of z?
9
Suppose -2*v + 4*p = -4520, -3512 - 5528 = -4*v + 2*p. Let j be (v/50)/((-4)/(-10)). Let w = -24 + j. What is the tens digit of w?
8
Let n be 3/36 - (-79445)/(-60). Let l = -189 - n. What is the thousands digit of l?
1
Let t(u) = -927*u - 2639. What is the hundreds digit of t(-9)?
7
Suppose -5*n - 363 = -2*b, -4*n = -3*b + 628 - 73. Suppose w + 2*w = b. What is the units digit of w?
3
Let w = 177 + -240. Let u be 220*((-1)/(-2))/1. Let a = u + w. What is the units digit of a?
7
Suppose 246*n = 243*n + 24. What is the hundreds digit of -6 + 10 - (-199 - n/4)?
2
Suppose 83 = 29*j + 25. Let h(y) = 60*y**2 - y + 2. What is the hundreds digit of h(j)?
2
Suppose -5368 = -4960*w + 4982*w. Let z be 2 + (-4)/(8/(-1026)). Let b = w + z. What is the hundreds digit of b?
2
Suppose 0 = 20*q - 117 - 23. Suppose 0 = -0*c + q*c - 1309. What is the units digit of c?
7
Let d = 9985 - -16558. What is the ten thousands digit of d?
2
Suppose 3*k = 3*p - p + 2021, 3*p = -k + 692. Let n = k - -47. What is the units digit of n?
4
What is the hundreds digit of 8 + (10 - -3) + 4645?
6
Let l(c) = 2*c - 1. Let b be l(7). Let o be 4 - (-1 + (-15)/6*-2). Suppose -b*z + 52 + 78 = o. What is the units digit of z?
0
Let z(w) = -w + 5. Let x(k) = -k**3 - 17*k**2 + 16*k - 35. Let l be x(-18). What is the units digit of z(l)?
4
Let p(a) = 2*a**2 + 98*a - 387. What is the hundreds digit of p(40)?
7
Let s be 11932/6 + -3*3/(-27). Suppose 0 = -3*m + 12*m - s. Suppose -3*u = -5*v - m - 148, 2*u + 5*v - 246 = 0. What is the tens digit of u?
2
Let y(k) be the second derivative of -k**3/6 - k**2 - 16*k. Let v be y(-10). Suppose -129 = -v*g + 439. What is the tens digit of g?
7
Suppose 4*z - 4*j = 9*z - 6195, -z + 5*j = -1268. What is the units digit of z?
3
Suppose 0 = -7*p + 8256 + 13577. What is the hundreds digit of p?
1
Let r = 106 - 92. Suppose r*i + 5 = 5. Suppose 4*y - 2*v + 5*v - 514 = 0, i = -5*y - 2*v + 639. What is the hundreds digit of y?
1
Suppose 4*s = 2*u + 27 - 157, 4*u - 230 = -2*s. Let v = 147 - u. Let y = v - 27. What is the units digit of y?
1
Suppose -8*u + 549 = -5*u. Suppose -i = -3*d - 44, 2*i = -2*i + 5*d + u. Suppose 0 = 2*w + i - 169. What is the tens digit of w?
6
Let p(j) = -2*j**2 - 8*j. Let g be p(-3). Suppose -3*o - 4*q + 119 = 0, 0 = -g*o + 9*o - 2*q - 125. What is the tens digit of o?
4
What is the ten thousands digit of ((-126)/(-231))/(4/84106)?
1
Suppose -7*k - 20*k = -50679. What is the tens digit of k?
7
Let q = 134 + -134. Suppose q = 17*f + 158 - 1280. What is the units digit of f?
6
What is the units digit of (9/36)/(24/5187552)?
7
Let p be (1/3)/((-137844)/(-27567) + -5). Suppose -5*a + 3*j + 256 - 1528 = 0, 4*a + j = -p. Let b = -112 - a. What is the units digit of b?
3
Suppose 6*g - 14*g + 20279 = -13233. What is the hundreds digit of g?
1
What is the units digit of (4 - (-8 - (-8 + -240)))*(-1 + -41)?
2
Let u(t) = 22036*t - 274. What is the ten thousands digit of u(4)?
8
Suppose 37586 - 5906 = 5*t. Suppose -10*k - t = -17836. What is the tens digit of k?
5
What is the hundreds digit of 93/186*(-2154)/(-3)?
3
Let c(v) = 568*v - 1949. What is the hundreds digit of c(25)?
2
Suppose 7*p + 12 = -37. What is the tens digit of (-2373)/p - 4 - -5?
4
What is the thousands digit of 14753*(1/(-14))/(-3*16/672)?
4
Let c(j) be the third derivative of -5*j**4/24 + j**3 - 3*j**2. Let k be c(2). What is the tens digit of 6*(-42)/k + -4?
5
Suppose 3*u + 0*s + 2973 = 3*s, -5*u - 4955 = 2*s. Let x = -322 - u. What is the hundreds digit of x?
6
Suppose 23*k + 13*k - 14*k - 164978 = 0. What is the units digit of k?
9
Let c be (-1676)/(-10) - (-10)/25. Suppose -7224 - c = -21*v. What is the units digit of v?
2
Let d = -55755 - -89243. What is the hundreds digit of d?
4
Suppose -3*u = 3*z + 330, -4*z + 2*u + 34 - 480 = 0. Let r = z - -501. What is the units digit of r?
0
What is the units digit of (3/((-3)/(-1)))/((-1)/(-3121))?
1
Let j be 1 - -5 - 6/3. Let z be 42/4*(10/6 - 1). What is the units digit of j/(-6) + (-428)/(-12) + z?
2
Suppose -36 = -o + 5*o. Suppose 3*n = 4*w - 87, -10 = -58*n + 60*n. What is the units digit of (-12)/w + (-33)/o?
3
What is the ten thousands digit of ((-54654)/16)/(2*28/(-448))?
2
Let v be (1*76)/(8/16). Let w(t) = 7*t**2 - 2*t + 2. Let c be w(-3). Let o = v - c. What is the tens digit of o?
8
Let s = 24 - -128. Suppose 170 = -6*v + 16*v. Let j = s - v. What is the tens digit of j?
3
Let h(i) = 97*i - 60. Suppose -o + 3*c - 3 = 0, -5*o + 35 + 5 = -4*c. What is the hundreds digit of h(o)?
1
Let t be ((-6)/(-18) - (-4)/(-3)) + -1. Let p be 1 - -2 - (-6)/t. What is the units digit of p/4 + -3 + 0 - -106?
3
Let j = 2418 - 1157. Let g = 523 + j. What is the hundreds digit of g?
7
Let m(w) = w**3 - 4*w**2 - 5*w + 3. Let a be m(5). Suppose -11 = -a*f + 4. Suppose -k + f = 0, -k + 110 = h - 3*k. What is the tens digit of h?
2
Suppose -2*a + 4*q + 7 = -11, 5*a = 2*q + 69. Suppose a*z - 3718 = 4457. What is the hundreds digit of z?
5
Suppose 25 + 2 = 3*u. Suppose -u = -4*r + 11. Suppose 1 = r*w - 84. What is the units digit of w?
7
What is the units digit of 39872/98*(-1729)/(-38)?
2
Let h(t) = 21*t**2 + 5. Let g be 96 + (-14)/(-7)*4/(-2). Let f = g - 95. What is the hundreds digit of h(f)?
1
Let y = -202 - 2. Suppose v - 5*p + 2 + 93 = 0, -243 = 3*v - p. Let u = v - y. What is the units digit of u?
4
Let j be (93 - -3)/(-6) - (1 - 4). Let x = j + 1. What is the hundreds digit of x/5*(-7)/(14/135)?
1
Suppose -619889 = -29*p + 408828. What is the hu